{"id":4456,"date":"2024-01-11T20:15:45","date_gmt":"2024-01-11T19:15:45","guid":{"rendered":"https:\/\/dynamicshot.fr\/?post_type=product&#038;p=4456"},"modified":"2024-01-11T20:39:22","modified_gmt":"2024-01-11T19:39:22","slug":"lotto-mirage-200-speed","status":"publish","type":"product","link":"https:\/\/dynamicshot.fr\/?product=lotto-mirage-200-speed","title":{"rendered":"Lotto Mirage 200 speed"},"content":{"rendered":"<p>Lotto Mirage 200 Speed<\/p>\n<p>Restez l\u00e9ger sur vos pieds avec les chaussures de tennis Lotto Mirage 200 Speed en bleu marine\/blanc italien\/bleu pacifique, avec un ajustement semblable \u00e0 une chaussette et un syst\u00e8me de cage de soutien pour permettre des changements de direction rapides.<br \/>\nCombinant une nouvelle chaussette int\u00e9gr\u00e9e avec un syst\u00e8me de cage de soutien sur la partie sup\u00e9rieure, la Lotto Mirage 200 Speed vous offre une sensation de s\u00e9curit\u00e9 optimale lorsque vous vous d\u00e9placez sur le court de tennis.<\/p>\n<p>La chaussette int\u00e9rieure l\u00e9g\u00e8re est fabriqu\u00e9e \u00e0 partir d&rsquo;un mat\u00e9riau \u00e9lastique et respirant pour assurer le confort tout au long du match, tandis que la cage est renforc\u00e9e par des \u00e9l\u00e9ments de filet en nylon pour un soutien suppl\u00e9mentaire.<\/p>\n<p>Pour plus de stabilit\u00e9, l&rsquo;arri\u00e8re de la chaussure est \u00e9quip\u00e9 de la talonnette externe ergonomique Heel Control de Lotto, tandis que la semelle ext\u00e9rieure r\u00e9sistante \u00e0 l&rsquo;abrasion est \u00e9quip\u00e9e du syst\u00e8me FAS (Foot Arch Support) pour r\u00e9guler la torsion lors des torsions et des virages.<\/p>\n<p>&nbsp;<\/p>\n<p>&nbsp;<\/p>\n<p>Lotto<\/p>\n<p>Depuis le tout d\u00e9but, le tennis est au c\u0153ur de Lotto. Le court constitue la moiti\u00e9 de son c\u00e9l\u00e8bre logo au double losange, et la premi\u00e8re chaussure de sport qu&rsquo;elle a produite \u00e9tait sp\u00e9cialement con\u00e7ue pour le tennis<\/p>\n<p>C&rsquo;\u00e9tait en 1973, peu de temps apr\u00e8s que la famille Caberlotto se soit install\u00e9e dans le c\u00e9l\u00e8bre quartier des cordonniers de Montebelluna et ait \u00e9tabli le nom de Lotto.<\/p>\n<p>Quelques ann\u00e9es plus tard, leurs chaussures de tennis \u00e9taient devenues si populaires qu&rsquo;ils ont pu conclure un accord avec le ph\u00e9nom\u00e8ne australien John Newcombe, qui a travaill\u00e9 avec les concepteurs de Lotto pour cr\u00e9er la Newcombe Signature<br \/>\nDot\u00e9e d&rsquo;une tige en cuir sans couture, cette chaussure \u00e9tait \u00e0 l&rsquo;avant-garde en mati\u00e8re de confort. C&rsquo;est ainsi qu&rsquo;a commenc\u00e9 une s\u00e9rie de victoires pour la marque qui l&rsquo;a vue d\u00e9ferler dans les ann\u00e9es 80 avec une s\u00e9rie de chaussures gagnantes de chelems, port\u00e9es par des joueurs tels que<\/p>\n<p>Martina Navratilova et Boris Becker.<\/p>\n<p>Aujourd&rsquo;hui, les chaussures de tennis Lotto restent tr\u00e8s populaires parmi les professionnels, avec des centaines de joueurs sur les circuits ATP et \\WTA qui choisissent de repr\u00e9senter le double losange. Elles sont ind\u00e9niablement con\u00e7ues pour le tennis, et chaque aspect a \u00e9t\u00e9 ajust\u00e9 pour<br \/>\nperformance sur le court. Quel que soit votre style de jeu, une Lotto sho\u00eb ne vous laissera pas tomber.<\/p>\n","protected":false},"excerpt":{"rendered":"<p>Lotto Mirage 200 speed<\/p>\n","protected":false},"featured_media":4459,"comment_status":"open","ping_status":"closed","template":"","meta":{"om_disable_all_campaigns":false,"_monsterinsights_skip_tracking":false,"_monsterinsights_sitenote_active":false,"_monsterinsights_sitenote_note":"","_monsterinsights_sitenote_category":0},"product_brand":[],"product_cat":[326,327,39],"product_tag":[330],"class_list":{"0":"post-4456","1":"product","2":"type-product","3":"status-publish","4":"has-post-thumbnail","6":"product_cat-chaussures","7":"product_cat-hommes","8":"product_cat-tennis","9":"product_tag-chaussures-de-tennis","10":"has-post-title","11":"has-post-date","12":"has-post-category","13":"has-post-tag","14":"has-post-comment","15":"has-post-author","16":"","18":"first","19":"instock","20":"shipping-taxable","21":"purchasable","22":"product-type-variable"},"aioseo_notices":[],"builder_content":"","_links":{"self":[{"href":"https:\/\/dynamicshot.fr\/index.php?rest_route=\/wp\/v2\/product\/4456","targetHints":{"allow":["GET"]}}],"collection":[{"href":"https:\/\/dynamicshot.fr\/index.php?rest_route=\/wp\/v2\/product"}],"about":[{"href":"https:\/\/dynamicshot.fr\/index.php?rest_route=\/wp\/v2\/types\/product"}],"replies":[{"embeddable":true,"href":"https:\/\/dynamicshot.fr\/index.php?rest_route=%2Fwp%2Fv2%2Fcomments&post=4456"}],"wp:featuredmedia":[{"embeddable":true,"href":"https:\/\/dynamicshot.fr\/index.php?rest_route=\/wp\/v2\/media\/4459"}],"wp:attachment":[{"href":"https:\/\/dynamicshot.fr\/index.php?rest_route=%2Fwp%2Fv2%2Fmedia&parent=4456"}],"wp:term":[{"taxonomy":"product_brand","embeddable":true,"href":"https:\/\/dynamicshot.fr\/index.php?rest_route=%2Fwp%2Fv2%2Fproduct_brand&post=4456"},{"taxonomy":"product_cat","embeddable":true,"href":"https:\/\/dynamicshot.fr\/index.php?rest_route=%2Fwp%2Fv2%2Fproduct_cat&post=4456"},{"taxonomy":"product_tag","embeddable":true,"href":"https:\/\/dynamicshot.fr\/index.php?rest_route=%2Fwp%2Fv2%2Fproduct_tag&post=4456"}],"curies":[{"name":"wp","href":"https:\/\/api.w.org\/{rel}","templated":true}]}}