{"id":4516,"date":"2024-01-13T16:16:13","date_gmt":"2024-01-13T15:16:13","guid":{"rendered":"https:\/\/dynamicshot.fr\/?post_type=product&#038;p=4516"},"modified":"2024-01-13T16:23:04","modified_gmt":"2024-01-13T15:23:04","slug":"nike-zoom-court-pro-hc","status":"publish","type":"product","link":"https:\/\/dynamicshot.fr\/?product=nike-zoom-court-pro-hc","title":{"rendered":"Nike Zoom court Pro HC"},"content":{"rendered":"<p>Nike Femmes Zoom Court Pro HC<\/p>\n<p>Dominez les courts en dur avec les chaussures de tennis Nike Femmes Zoom Court Pro HC en Blanc\/Fuchsia Dream-Citron Tint-Eanth, des chaussures de tennis hautes performances qui vous aident \u00e0 servir avec plus de puissance que jamais auparavant<br \/>\nLa base blanche classique est d\u00e9taill\u00e9e avec des accents audacieux de Fuchsia Dream et de Citron Tint, cr\u00e9ant une esth\u00e9tique frappante qui vous aide \u00e0 vous sentir comme une pro sur le court. L&rsquo;unit\u00e9 Zoom Air \u00e0 l&rsquo;avant-pied offre une explosion d&rsquo;acc\u00e9l\u00e9ration et le ressort dont vous avez besoin pour vous lancer \u00e0 l&rsquo;assaut des terrains.<br \/>\nL&rsquo;unit\u00e9 Zoom Air \u00e0 l&rsquo;avant-pied fournit une acc\u00e9l\u00e9ration et le ressort dont vous avez besoin pour envoyer des aces \u00e0 votre adversaire, et une plaque pleine longueur am\u00e9liore le retour d&rsquo;\u00e9nergie pour que vous puissiez tirer le meilleur parti de chaque pas.<\/p>\n<p>Les mat\u00e9riaux l\u00e9gers vous permettent de rester rapidement sur vos pieds, et la tige en tissu respirant favorise la circulation de l&rsquo;air pour \u00e9viter la surchauffe. Le col rembourr\u00e9 en peluche cr\u00e9e une sensation d&rsquo;amorti pour un confort supr\u00eame, et la languette de traction au talon permet d&rsquo;enfiler et d&rsquo;enlever facilement les chaussures.<br \/>\nLa languette au talon permet d&rsquo;enfiler et d&rsquo;enlever facilement les chaussures, afin de pouvoir jouer plus rapidement. Des mesures d&rsquo;\u00e9conomie de poids dans la cr\u00e9ation de la semelle ext\u00e9rieure rendent la Nike Court Zoom Pro encore plus l\u00e9g\u00e8re sans compromettre l&rsquo;adh\u00e9rence, et le caoutchouc textur\u00e9 au niveau des orteils am\u00e9liore la durabilit\u00e9.<\/p>\n<p>&nbsp;<\/p>\n<p>&nbsp;<\/p>\n<p>Nike<\/p>\n<p>Depuis sa premi\u00e8re apparition sur le march\u00e9 des chaussures de tennis en 1973, Nike a cr\u00e9\u00e9 les tendances qui d\u00e9finissent les chaussures que nous voyons encore aujourd&rsquo;hui sur les courts.<\/p>\n<p>En apportant de la couleur et de l&rsquo;attitude \u00e0 un sport r\u00e9put\u00e9 pour ses codes vestimentaires formels, le Swoosh a bouscul\u00e9 l&rsquo;ordre \u00e9tabli dans les ann\u00e9es 70 avec des chaussures inspir\u00e9es des &rsquo;73, puis, en 1978, John McEnroe.<\/p>\n<p>Il s&rsquo;agit d&rsquo;une v\u00e9ritable r\u00e9volution dans le monde du sport, qui s&rsquo;est traduite par la signature d&rsquo;un premier contrat avec Nastas\u00e9.<br \/>\nConfiant et intransigeant, McEnroe \u00e9tait le partenaire id\u00e9al pour Nike, qui a accru son influence sur le jeu, en particulier gr\u00e2ce \u00e0 sa d\u00e9fense personnelle de la classique Air Trainer 1 dans les ann\u00e9es 80 &#8211; une chaussure qui n&rsquo;aurait probablement pas vu le jour s&rsquo;il n&rsquo;avait pas \u00e9t\u00e9 l\u00e0 n&rsquo;aurait probablement pas vu le jour s&rsquo;il n&rsquo;avait pas insist\u00e9 pour que son prototype soit transform\u00e9 en un mod\u00e8le complet.<\/p>\n<p>Apr\u00e8s McEnroe, il y a eu Agassi, Courier et Sampras. Tous trois ont cr\u00e9\u00e9 de superbes chaussures qui ont repouss\u00e9 les limites de la technologie et de l&rsquo;esth\u00e9tique. L&rsquo;Air Tech Challenge d&rsquo;Agassi et l&rsquo;Air Oscillate de Sampras b\u00e9n\u00e9ficient d&rsquo;une ing\u00e9nierie de pointe, tout comme Federer et Sampras.<br \/>\nde Sampras, tout comme les chaussures de Federer et de Nadal l&rsquo;ont fait plus r\u00e9cemment<\/p>\n<p>La chaussure embl\u00e9matique de Rafa, la Zoom Vapor Cage, est toujours disponible aujourd&rsquo;hui avec sa combinaison gagnante de performance et de durabilit\u00e9, tandis que la Zoom GP Turbo de Naomi Osaka suit les traces de la Flare de Serena en ouvrant la voie \u00e0 la chaussure f\u00e9minine.<br \/>\nde Serena en ouvrant la voie aux chaussures pour femmes. Ailleurs, d\u00e9couvrez la gamme NXT pour les derniers mod\u00e8les ax\u00e9s sur la technologie, ou si vous pr\u00e9f\u00e9rez quelque chose de simple, de l\u00e9ger et de confortable, la collection Lite est faite pour vous.<\/p>\n","protected":false},"excerpt":{"rendered":"<p>Nike Zoom court Pro HC<\/p>\n","protected":false},"featured_media":4524,"comment_status":"open","ping_status":"closed","template":"","meta":{"om_disable_all_campaigns":false,"_monsterinsights_skip_tracking":false,"_monsterinsights_sitenote_active":false,"_monsterinsights_sitenote_note":"","_monsterinsights_sitenote_category":0},"product_brand":[],"product_cat":[326,328,39],"product_tag":[330],"class_list":{"0":"post-4516","1":"product","2":"type-product","3":"status-publish","4":"has-post-thumbnail","6":"product_cat-chaussures","7":"product_cat-femmes","8":"product_cat-tennis","9":"product_tag-chaussures-de-tennis","10":"has-post-title","11":"has-post-date","12":"has-post-category","13":"has-post-tag","14":"has-post-comment","15":"has-post-author","16":"","18":"first","19":"instock","20":"shipping-taxable","21":"purchasable","22":"product-type-variable"},"aioseo_notices":[],"builder_content":"","_links":{"self":[{"href":"https:\/\/dynamicshot.fr\/index.php?rest_route=\/wp\/v2\/product\/4516","targetHints":{"allow":["GET"]}}],"collection":[{"href":"https:\/\/dynamicshot.fr\/index.php?rest_route=\/wp\/v2\/product"}],"about":[{"href":"https:\/\/dynamicshot.fr\/index.php?rest_route=\/wp\/v2\/types\/product"}],"replies":[{"embeddable":true,"href":"https:\/\/dynamicshot.fr\/index.php?rest_route=%2Fwp%2Fv2%2Fcomments&post=4516"}],"wp:featuredmedia":[{"embeddable":true,"href":"https:\/\/dynamicshot.fr\/index.php?rest_route=\/wp\/v2\/media\/4524"}],"wp:attachment":[{"href":"https:\/\/dynamicshot.fr\/index.php?rest_route=%2Fwp%2Fv2%2Fmedia&parent=4516"}],"wp:term":[{"taxonomy":"product_brand","embeddable":true,"href":"https:\/\/dynamicshot.fr\/index.php?rest_route=%2Fwp%2Fv2%2Fproduct_brand&post=4516"},{"taxonomy":"product_cat","embeddable":true,"href":"https:\/\/dynamicshot.fr\/index.php?rest_route=%2Fwp%2Fv2%2Fproduct_cat&post=4516"},{"taxonomy":"product_tag","embeddable":true,"href":"https:\/\/dynamicshot.fr\/index.php?rest_route=%2Fwp%2Fv2%2Fproduct_tag&post=4516"}],"curies":[{"name":"wp","href":"https:\/\/api.w.org\/{rel}","templated":true}]}}